{"id":11,"date":"2023-12-19T16:29:52","date_gmt":"2023-12-19T15:29:52","guid":{"rendered":"http:\/\/www.exocoiff.com\/?page_id=11"},"modified":"2026-03-06T13:32:54","modified_gmt":"2026-03-06T12:32:54","slug":"formation-modulaire-en-coiffure","status":"publish","type":"page","link":"https:\/\/www.exocoiff.com\/?page_id=11","title":{"rendered":"FORMATION MODULAIRE EN COIFFURE"},"content":{"rendered":"\n<p>Une \u00e9cole moderne et performante comprenant des salles de th\u00e9orie et de pratique \u00e9quip\u00e9es en Salon de Coiffure o\u00f9 vous apprendrez toutes les techniques de coiffage.<\/p>\n\n\n\n<p>Les modules (ou unit\u00e9s de valeur = UV) sont r\u00e9partis comme suit&nbsp;:<\/p>\n\n\n\n<h6 class=\"wp-block-heading has-text-align-left has-medium-font-size\"><strong>Module 1&nbsp;= GENERALITES \u2013 COIFFAGES SIMPLES&nbsp;: dur\u00e9e de formation = 1 mois <\/strong><\/h6>\n\n\n\n<h6 class=\"wp-block-heading has-text-align-left\"><strong>Co\u00fbt = 35.000F<\/strong><\/h6>\n\n\n\n<p>Zones de travail &#8211; Shampooing &#8211; Massages du cuir chevelu -Mises en plis- Brushing- Balayage<\/p>\n\n\n\n<h6 class=\"wp-block-heading has-medium-font-size\"><strong>Module 2 = DIAGNOSTIC &#8211; DEFRISAGE \u2013 SOINS&nbsp;: <\/strong><strong>dur\u00e9e de formation = 1 mois \u2013 Co\u00fbt = 35.000F<\/strong><strong><\/strong><\/h6>\n\n\n\n<p>&#8211; Diagnostic &#8211; Soins \u2013 D\u00e9frisage- Torsades.<\/p>\n\n\n\n<h6 class=\"wp-block-heading has-medium-font-size\"><strong>Module 3 = TISSAGES \u2013 COUPES DAME&nbsp;: <\/strong><strong>dur\u00e9e de formation = 1 mois- Co\u00fbt = 80.000F<\/strong><strong><\/strong><\/h6>\n\n\n\n<p>&#8211; Tissages (poses greffage) -Coupes (carr\u00e9es, d\u00e9grad\u00e9es) &#8211; Brushing- Fer.<\/p>\n\n\n\n<h6 class=\"wp-block-heading has-medium-font-size\"><strong>Module 4 = COIFFURES DE CEREMONIES \u2013 CHIGNONS \u2013 CREATIONS&nbsp;: dur\u00e9e&nbsp;: 2 mois \u2013 Co\u00fbt = 80.000F<\/strong>&nbsp;<\/h6>\n\n\n\n<p>&#8211; Chignons &#8211; Coiffures de c\u00e9r\u00e9monies \u2013Maquillage (jour et c\u00e9r\u00e9monie) &#8211; Pose de foulard.<\/p>\n\n\n\n<h6 class=\"wp-block-heading has-medium-font-size\"><strong>Module 5 = APPLICATIONS TECHNIQUES<\/strong><strong>&nbsp;:<\/strong><strong> <\/strong><strong>dur\u00e9e de formation = 1 mois- Co\u00fbt = 35.000F<\/strong><\/h6>\n\n\n\n<p>&#8211; Colorations &#8211; D\u00e9colorations \u2013 M\u00e8ches.<\/p>\n\n\n\n<h6 class=\"wp-block-heading has-medium-font-size\"><strong>Module 6 = &nbsp;TRESSES dur\u00e9e&nbsp;: 2 mois \u2013 Co\u00fbt = 80.000F<\/strong><\/h6>\n\n\n\n<p>Torsades- Tresses traditionnelles \u2013 Tresses modernes<\/p>\n\n\n\n<h6 class=\"wp-block-heading has-medium-font-size\"><strong><u>Module 7&nbsp;= COUPE \u00ab&nbsp;HOMME&nbsp;\u00bb dur\u00e9e&nbsp;: 1 mois \u2013 Co\u00fbt = 40.000F<\/u><\/strong><\/h6>\n\n\n\n<p>Coupe \u00ab&nbsp;homme&nbsp;\u00bb &#8211; Technologie de la tondeuse \u00e9lectrique<\/p>\n\n\n\n<h6 class=\"wp-block-heading has-medium-font-size\"><strong>Module 8 = POSES PERRUQUES&nbsp;<\/strong><strong>: dur\u00e9e de formation = 3 semaines- Co\u00fbt = 100.000F<\/strong><strong><\/strong><\/h6>\n\n\n\n<p>&#8211; Tissages (poses greffage) \u2013Poses perruques (cheveux naturels) &#8211; Brushing- Fer- Chignons.<\/p>\n\n\n\n<h6 class=\"wp-block-heading has-medium-font-size\"><strong><u>Module 9\u00a0: LOCKS ET TWISTS<\/u>\u00a0: dur\u00e9e de formation = 08 cours- Co\u00fbt = 200\u00a0000F<\/strong><\/h6>\n\n\n\n<p>-Locks- Micro locks- Twists- Micro twists- D\u00e9coloration- Coloration- Confection de m\u00e8ches<\/p>\n\n\n\n<p><strong>Les frais d\u2019inscription pour chaque module s\u2019\u00e9l\u00e8vent \u00e0 <mark style=\"background-color:rgba(0, 0, 0, 0)\" class=\"has-inline-color has-vivid-red-color\">10.000F cfa<\/mark><\/strong><\/p>\n\n\n\n<p>Les formations sont accessibles pour tout niveau scolaire.<\/p>\n\n\n\n<p>Les cours se d\u00e9roulent \u00e0 mi- temps du lundi au vendredi de 9h \u00e0 12h <strong>ou<\/strong> de 13h \u00e0 17h<\/p>\n\n\n\n<p><em>NB: Pour chaque module ou UV une liste de fourniture est disponible<\/em><\/p>\n\n\n\n<p><em><strong>Une attestation est d\u00e9livr\u00e9e pour chaque module \u00e0 la fin de la formation (apr\u00e8s \u00e9valuation).<\/strong><\/em><\/p>\n\n\n\n<p><strong>Contacts <\/strong>:&nbsp;<\/p>\n\n\n\n<ul class=\"wp-block-list\">\n<li><strong>T\u00e9l<\/strong>&nbsp;: (221) 33&nbsp;864 69 49\/ 77&nbsp;813 49 86\/ 77&nbsp;649 46 93.<\/li>\n\n\n\n<li><strong>Site web<\/strong>&nbsp;: www.exocoiff.com<\/li>\n\n\n\n<li>Email&nbsp;: <a href=\"mailto:exocoiff@yahoo.fr\">exocoiff@yahoo.fr<\/a>&nbsp;&nbsp;<\/li>\n<\/ul>\n","protected":false},"excerpt":{"rendered":"<p>Une \u00e9cole moderne et performante comprenant des salles de th\u00e9orie et de pratique \u00e9quip\u00e9es en Salon de Coiffure o\u00f9 vous apprendrez toutes les techniques de coiffage. Les modules (ou unit\u00e9s de valeur = UV) sont r\u00e9partis comme suit&nbsp;: Module 1&nbsp;= GENERALITES \u2013 COIFFAGES SIMPLES&nbsp;: dur\u00e9e de formation = 1 mois Co\u00fbt = 35.000F Zones de [&hellip;]<\/p>\n","protected":false},"author":1,"featured_media":0,"parent":0,"menu_order":0,"comment_status":"closed","ping_status":"closed","template":"","meta":{"_eb_attr":"","om_disable_all_campaigns":false,"_monsterinsights_skip_tracking":false,"_monsterinsights_sitenote_active":false,"_monsterinsights_sitenote_note":"","_monsterinsights_sitenote_category":0,"ngg_post_thumbnail":0,"footnotes":""},"class_list":["post-11","page","type-page","status-publish","hentry"],"aioseo_notices":[],"_links":{"self":[{"href":"https:\/\/www.exocoiff.com\/index.php?rest_route=\/wp\/v2\/pages\/11","targetHints":{"allow":["GET"]}}],"collection":[{"href":"https:\/\/www.exocoiff.com\/index.php?rest_route=\/wp\/v2\/pages"}],"about":[{"href":"https:\/\/www.exocoiff.com\/index.php?rest_route=\/wp\/v2\/types\/page"}],"author":[{"embeddable":true,"href":"https:\/\/www.exocoiff.com\/index.php?rest_route=\/wp\/v2\/users\/1"}],"replies":[{"embeddable":true,"href":"https:\/\/www.exocoiff.com\/index.php?rest_route=%2Fwp%2Fv2%2Fcomments&post=11"}],"version-history":[{"count":22,"href":"https:\/\/www.exocoiff.com\/index.php?rest_route=\/wp\/v2\/pages\/11\/revisions"}],"predecessor-version":[{"id":1220,"href":"https:\/\/www.exocoiff.com\/index.php?rest_route=\/wp\/v2\/pages\/11\/revisions\/1220"}],"wp:attachment":[{"href":"https:\/\/www.exocoiff.com\/index.php?rest_route=%2Fwp%2Fv2%2Fmedia&parent=11"}],"curies":[{"name":"wp","href":"https:\/\/api.w.org\/{rel}","templated":true}]}}